{"id":104,"date":"2018-01-27T22:41:17","date_gmt":"2018-01-27T22:41:17","guid":{"rendered":"http:\/\/bergischer-partyservice.de\/?page_id=104"},"modified":"2025-02-18T15:04:40","modified_gmt":"2025-02-18T15:04:40","slug":"flatrate","status":"publish","type":"page","link":"https:\/\/bergischer-partyservice.de\/?page_id=104","title":{"rendered":"Flatrate"},"content":{"rendered":"\n<p>F\u00fcr Ihre Feier mit uns bieten wir eine All-inklusiv-Getr\u00e4nke-Flatrate zu Festpreisen an.<\/p>\n\n\n\n<p>Dabei haben Sie die Wahl aus zwei verschiedenen Angeboten:<\/p>\n\n\n\n<hr class=\"wp-block-separator has-alpha-channel-opacity\"\/>\n\n\n\n<div class=\"wp-block-columns is-not-stacked-on-mobile is-layout-flex wp-container-core-columns-is-layout-9d6595d7 wp-block-columns-is-layout-flex\">\n<div class=\"wp-block-column is-layout-flow wp-block-column-is-layout-flow\">\n<h3 class=\"wp-block-heading has-text-align-center\"><strong>Getr\u00e4nke Flatrate<\/strong><\/h3>\n\n\n\n<p class=\"has-text-align-center\" style=\"text-decoration:underline\">Inhalte<\/p>\n\n\n\n<p class=\"has-text-align-center\">Veltins Pils vom Fass<br>Veltins Alkoholfrei Fl.<br>Benediktiner Weizen vom Fass<br>&amp; Meisel Alkoholfrei Fl.<br>Coca Cola<br>Orange- &amp; Zitronenlimonade<br>Mineralwasser<br>Orangensaft &amp; Apfelsaft<br>Merlot<br>Pinot Grigio<br>Kaffe\u00e9 \/ Tee<\/p>\n<\/div>\n\n\n\n<div class=\"wp-block-column is-layout-flow wp-block-column-is-layout-flow\">\n<h3 class=\"wp-block-heading has-text-align-center\"><strong>Getr\u00e4nke Flatrate Exclusive<\/strong><\/h3>\n\n\n\n<p class=\"has-text-align-center\" style=\"text-decoration:underline\">Inhalte<\/p>\n\n\n\n<p class=\"has-text-align-center\">Prosecco<br>Aperol-Spritz<br>Hugo<br>Kir Royal<br>Veltins Pils vom Fass<br>Veltins Alkoholfrei Fl.<br>Benediktiner Weizen vom Fass<br>&amp; Meisel Alkoholfrei Fl.<br>Coca Cola<br>Orange- &amp; Zitronenlimonade<br>Mineralwasser<br>Orangensaft &amp; Apfelsaft<br>Merlot<br>Pinot Grigiot<br>Kaffe\u00e9 \/ Tee<\/p>\n<\/div>\n<\/div>\n\n\n\n<hr class=\"wp-block-separator has-alpha-channel-opacity\"\/>\n\n\n\n<div class=\"wp-block-columns is-not-stacked-on-mobile is-layout-flex wp-container-core-columns-is-layout-9d6595d7 wp-block-columns-is-layout-flex\">\n<div class=\"wp-block-column is-layout-flow wp-block-column-is-layout-flow\">\n<p class=\"has-text-align-center\"><strong>Dauer: 7 Stunden<\/strong><\/p>\n<\/div>\n\n\n\n<div class=\"wp-block-column is-layout-flow wp-block-column-is-layout-flow\">\n<p class=\"has-text-align-center\"><strong>Dauer: 7 Stunden<\/strong><\/p>\n<\/div>\n<\/div>\n\n\n\n<hr class=\"wp-block-separator has-alpha-channel-opacity\"\/>\n\n\n\n<div class=\"wp-block-columns is-not-stacked-on-mobile is-layout-flex wp-container-core-columns-is-layout-9d6595d7 wp-block-columns-is-layout-flex\">\n<div class=\"wp-block-column is-layout-flow wp-block-column-is-layout-flow\">\n<p class=\"has-text-align-center\">Preis: <strong>p.P.<\/strong> 35,50\u20ac inkl. Barkeeper<br><strong>ab 30 Personen<\/strong> (inkl. MwSt.) Verl\u00e4ngerung 5,50 p.P. &amp; Std.<br>26,50\u20ac Barkeeperstd. zzgl. MwSt.<\/p>\n<\/div>\n\n\n\n<div class=\"wp-block-column is-layout-flow wp-block-column-is-layout-flow\">\n<p class=\"has-text-align-center\">Preis: <strong>p.P.<\/strong> 40,50\u20ac inkl. Barkeeper<br><strong>ab 30 Personen <\/strong>(inkl. MwSt.) Verl\u00e4ngerung 5,50 p.P. &amp; Std.<br>26,50\u20ac Barkeeperstd. zzgl. MwSt.<\/p>\n<\/div>\n<\/div>\n\n\n\n<hr class=\"wp-block-separator has-alpha-channel-opacity\"\/>\n\n\n<div class=\"wp-block-image\">\n<figure class=\"aligncenter is-resized\"><img decoding=\"async\" src=\"http:\/\/bergischer-partyservice.de\/wp-content\/uploads\/2018\/01\/rse-Hochzeits-Tr\u00e4ume-046-300x200.jpg\" alt=\"\" class=\"wp-image-50\" style=\"width:342px;height:auto\"\/><\/figure>\n<\/div>","protected":false},"excerpt":{"rendered":"<p>F\u00fcr Ihre Feier mit uns bieten wir eine All-inklusiv-Getr\u00e4nke-Flatrate zu Festpreisen an. Dabei haben Sie die Wahl aus zwei verschiedenen Angeboten: Getr\u00e4nke Flatrate Inhalte Veltins Pils vom FassVeltins Alkoholfrei Fl.Benediktiner Weizen vom Fass&amp; Meisel&#46;&#46;&#46;<\/p>\n","protected":false},"author":1,"featured_media":0,"parent":0,"menu_order":0,"comment_status":"closed","ping_status":"closed","template":"","meta":{"ngg_post_thumbnail":0,"footnotes":""},"class_list":["post-104","page","type-page","status-publish","hentry"],"jetpack_sharing_enabled":true,"_links":{"self":[{"href":"https:\/\/bergischer-partyservice.de\/index.php?rest_route=\/wp\/v2\/pages\/104","targetHints":{"allow":["GET"]}}],"collection":[{"href":"https:\/\/bergischer-partyservice.de\/index.php?rest_route=\/wp\/v2\/pages"}],"about":[{"href":"https:\/\/bergischer-partyservice.de\/index.php?rest_route=\/wp\/v2\/types\/page"}],"author":[{"embeddable":true,"href":"https:\/\/bergischer-partyservice.de\/index.php?rest_route=\/wp\/v2\/users\/1"}],"replies":[{"embeddable":true,"href":"https:\/\/bergischer-partyservice.de\/index.php?rest_route=%2Fwp%2Fv2%2Fcomments&post=104"}],"version-history":[{"count":41,"href":"https:\/\/bergischer-partyservice.de\/index.php?rest_route=\/wp\/v2\/pages\/104\/revisions"}],"predecessor-version":[{"id":786,"href":"https:\/\/bergischer-partyservice.de\/index.php?rest_route=\/wp\/v2\/pages\/104\/revisions\/786"}],"wp:attachment":[{"href":"https:\/\/bergischer-partyservice.de\/index.php?rest_route=%2Fwp%2Fv2%2Fmedia&parent=104"}],"curies":[{"name":"wp","href":"https:\/\/api.w.org\/{rel}","templated":true}]}}