{"id":106,"date":"2018-01-27T22:41:44","date_gmt":"2018-01-27T22:41:44","guid":{"rendered":"http:\/\/bergischer-partyservice.de\/?page_id=106"},"modified":"2018-02-05T22:13:03","modified_gmt":"2018-02-05T22:13:03","slug":"service","status":"publish","type":"page","link":"https:\/\/bergischer-partyservice.de\/?page_id=106","title":{"rendered":"Service au\u00dfer Haus"},"content":{"rendered":"<p>Sie planen Ihre Feier an einer Lokation Ihrer Wahl, ben\u00f6tigen aber Catering-Service?<\/p>\n<p>Wir unterst\u00fctzen Sie bei Ihre Party und stellen Ihnen alles n\u00f6tige zur Verf\u00fcgung.&nbsp;<\/p>\n<p>Vereinbaren Sie ein <a href=\"http:\/\/bergischer-partyservice.de\/?page_id=17\">Termin<\/a> und wir beraten Sie bei einem pers\u00f6nlichen Gespr\u00e4ch!.<\/p>\n<p>&nbsp;<\/p>\n<p>F\u00fcr den ersten Einblick finden Sie hier eine m\u00f6gliche Auswahl an Angeboten:<\/p>\n<ul>\n<li>Planung von A-Z<\/li>\n<li>Geschirr,<\/li>\n<li>Besteck,<\/li>\n<li>Tische,<\/li>\n<li>Bestuhlung,<\/li>\n<li>Bierzeltgarnitur<\/li>\n<li>Festzelte<\/li>\n<li>Zapfwagen<\/li>\n<li>Grill<\/li>\n<li>Vermittlung von DJ, Bands, Alleinunterhaltern und Fotografen<\/li>\n<li>Personal<\/li>\n<\/ul>\n<p>&nbsp;<\/p>\n","protected":false},"excerpt":{"rendered":"<p>Sie planen Ihre Feier an einer Lokation Ihrer Wahl, ben\u00f6tigen aber Catering-Service? Wir unterst\u00fctzen Sie bei Ihre Party und stellen Ihnen alles n\u00f6tige zur Verf\u00fcgung.&nbsp; Vereinbaren Sie ein Termin und wir beraten Sie bei&#46;&#46;&#46;<\/p>\n","protected":false},"author":1,"featured_media":0,"parent":15,"menu_order":0,"comment_status":"closed","ping_status":"closed","template":"","meta":{"ngg_post_thumbnail":0,"footnotes":""},"class_list":["post-106","page","type-page","status-publish","hentry"],"jetpack_sharing_enabled":true,"_links":{"self":[{"href":"https:\/\/bergischer-partyservice.de\/index.php?rest_route=\/wp\/v2\/pages\/106","targetHints":{"allow":["GET"]}}],"collection":[{"href":"https:\/\/bergischer-partyservice.de\/index.php?rest_route=\/wp\/v2\/pages"}],"about":[{"href":"https:\/\/bergischer-partyservice.de\/index.php?rest_route=\/wp\/v2\/types\/page"}],"author":[{"embeddable":true,"href":"https:\/\/bergischer-partyservice.de\/index.php?rest_route=\/wp\/v2\/users\/1"}],"replies":[{"embeddable":true,"href":"https:\/\/bergischer-partyservice.de\/index.php?rest_route=%2Fwp%2Fv2%2Fcomments&post=106"}],"version-history":[{"count":9,"href":"https:\/\/bergischer-partyservice.de\/index.php?rest_route=\/wp\/v2\/pages\/106\/revisions"}],"predecessor-version":[{"id":186,"href":"https:\/\/bergischer-partyservice.de\/index.php?rest_route=\/wp\/v2\/pages\/106\/revisions\/186"}],"up":[{"embeddable":true,"href":"https:\/\/bergischer-partyservice.de\/index.php?rest_route=\/wp\/v2\/pages\/15"}],"wp:attachment":[{"href":"https:\/\/bergischer-partyservice.de\/index.php?rest_route=%2Fwp%2Fv2%2Fmedia&parent=106"}],"curies":[{"name":"wp","href":"https:\/\/api.w.org\/{rel}","templated":true}]}}