{"id":15,"date":"2018-01-27T15:47:15","date_gmt":"2018-01-27T15:47:15","guid":{"rendered":"http:\/\/bergischer-partyservice.de\/?page_id=15"},"modified":"2023-05-05T21:23:59","modified_gmt":"2023-05-05T21:23:59","slug":"service-angebote","status":"publish","type":"page","link":"https:\/\/bergischer-partyservice.de\/?page_id=15","title":{"rendered":"Service-Angebote"},"content":{"rendered":"<p><img loading=\"lazy\" decoding=\"async\" class=\"size-medium wp-image-726\" src=\"http:\/\/bergischer-partyservice.de\/wp-content\/uploads\/2023\/05\/AdobeStock_210202565-300x169.jpeg\" alt=\"\" width=\"300\" height=\"169\" srcset=\"https:\/\/bergischer-partyservice.de\/wp-content\/uploads\/2023\/05\/AdobeStock_210202565-300x169.jpeg 300w, https:\/\/bergischer-partyservice.de\/wp-content\/uploads\/2023\/05\/AdobeStock_210202565-1024x576.jpeg 1024w, https:\/\/bergischer-partyservice.de\/wp-content\/uploads\/2023\/05\/AdobeStock_210202565-768x432.jpeg 768w, https:\/\/bergischer-partyservice.de\/wp-content\/uploads\/2023\/05\/AdobeStock_210202565-1536x864.jpeg 1536w, https:\/\/bergischer-partyservice.de\/wp-content\/uploads\/2023\/05\/AdobeStock_210202565-2048x1152.jpeg 2048w, https:\/\/bergischer-partyservice.de\/wp-content\/uploads\/2023\/05\/AdobeStock_210202565-720x405.jpeg 720w, https:\/\/bergischer-partyservice.de\/wp-content\/uploads\/2023\/05\/AdobeStock_210202565-520x293.jpeg 520w, https:\/\/bergischer-partyservice.de\/wp-content\/uploads\/2023\/05\/AdobeStock_210202565-320x180.jpeg 320w\" sizes=\"auto, (max-width: 300px) 100vw, 300px\" \/><\/p>\n<p>F\u00fcr Ihre Feier haben wir folgende Catering-Angebote:<\/p>\n<ul>\n<li><a href=\"http:\/\/bergischer-partyservice.de\/?page_id=100\">Buffets<\/a><\/li>\n<li><a href=\"http:\/\/bergischer-partyservice.de\/?page_id=13\">Lokationen<\/a><\/li>\n<li><a href=\"http:\/\/bergischer-partyservice.de\/?page_id=104\">Getr\u00e4nke-Flatrate<\/a><\/li>\n<li><a href=\"http:\/\/bergischer-partyservice.de\/?page_id=108\">Dekorations-Angebote<\/a><\/li>\n<li><a href=\"http:\/\/bergischer-partyservice.de\/?page_id=106\">Service au\u00dfer Haus<\/a><\/li>\n<li><a href=\"https:\/\/bergischer-partyservice.de\/?page_id=255\">Party-Pakete<\/a><\/li>\n<\/ul>\n<p>&nbsp;<\/p>\n<p>&nbsp;<\/p>\n","protected":false},"excerpt":{"rendered":"<p>F\u00fcr Ihre Feier haben wir folgende Catering-Angebote: Buffets Lokationen Getr\u00e4nke-Flatrate Dekorations-Angebote Service au\u00dfer Haus Party-Pakete &nbsp; &nbsp;<\/p>\n","protected":false},"author":1,"featured_media":0,"parent":0,"menu_order":0,"comment_status":"closed","ping_status":"closed","template":"","meta":{"ngg_post_thumbnail":0,"footnotes":""},"class_list":["post-15","page","type-page","status-publish","hentry"],"jetpack_sharing_enabled":true,"_links":{"self":[{"href":"https:\/\/bergischer-partyservice.de\/index.php?rest_route=\/wp\/v2\/pages\/15","targetHints":{"allow":["GET"]}}],"collection":[{"href":"https:\/\/bergischer-partyservice.de\/index.php?rest_route=\/wp\/v2\/pages"}],"about":[{"href":"https:\/\/bergischer-partyservice.de\/index.php?rest_route=\/wp\/v2\/types\/page"}],"author":[{"embeddable":true,"href":"https:\/\/bergischer-partyservice.de\/index.php?rest_route=\/wp\/v2\/users\/1"}],"replies":[{"embeddable":true,"href":"https:\/\/bergischer-partyservice.de\/index.php?rest_route=%2Fwp%2Fv2%2Fcomments&post=15"}],"version-history":[{"count":11,"href":"https:\/\/bergischer-partyservice.de\/index.php?rest_route=\/wp\/v2\/pages\/15\/revisions"}],"predecessor-version":[{"id":727,"href":"https:\/\/bergischer-partyservice.de\/index.php?rest_route=\/wp\/v2\/pages\/15\/revisions\/727"}],"wp:attachment":[{"href":"https:\/\/bergischer-partyservice.de\/index.php?rest_route=%2Fwp%2Fv2%2Fmedia&parent=15"}],"curies":[{"name":"wp","href":"https:\/\/api.w.org\/{rel}","templated":true}]}}